122323 (base 4) in base 15?
-195c2e
Convert 110110111011111100010 (base 2) to base 12.
729916
What is 12aba (base 14) in base 7?
251123
3a704e (base 16) to base 15
509b78
-4452bc (base 13) to base 9
-3024652
-623334 (base 11) to base 7
-11333253
5511066 (base 10) to base 12
1a19336
-6cb5 (base 14) to base 9
-28023
Convert -1603b74 (base 12) to base 6.
-240051424
What is 300420 (base 7) in base 16?
c5c7
Convert -2241317 (base 10) to base 9.
-4185452
What is -13230222212 (base 4) in base 8?
-7545246
Convert 2100243340 (base 5) to base 15.
5a0d30
What is -2a322 (base 13) in base 12?
-3a0b7
What is 21c40 (base 15) in base 9?
173266
What is 101101000100101110011 (base 2) in base 15?
1e2954
2d62d7 (base 14) to base 7
16350460
What is -19a311 (base 13) in base 12?
-274781
6a744 (base 13) to base 2
101111100000001111
Convert -181557 (base 13) to base 5.
-123243040
Convert -5c40b (base 13) to base 8.
-513600
Convert 6432560 (base 7) to base 5.
200000143
Convert -3301322032 (base 4) to base 15.
-1488c7
13351 (base 7) to base 11
2795
-1296c34 (base 13) to base 14
-ac0c81
What is -1276046 (base 8) in base 3?
-200021002102
100110001101101000 (base 2) to base 13
56320
Convert 2d04cc (base 14) to base 10.
1576020
-b876 (base 12) to base 10
-20250
What is 1b2746 (base 15) in base 4?
11003121201
Convert -b63aa1 (base 13) to base 16.
-411041
Convert -a699a (base 13) to base 6.
-10234532
What is 135347 (base 14) in base 6?
22150003
Convert -2002121220211 (base 3) to base 4.
-10100013112
What is -325b67 (base 12) in base 8?
-3027077
-963997 (base 11) to base 4
-11320211131
-148a (base 12) to base 3
-10022021
Convert -161085 (base 13) to base 9.
-1020486
Convert 8b846 (base 16) to base 10.
571462
-10153311 (base 6) to base 2
-1001000000000101011
210315023 (base 6) to base 8
15765767
Convert 61b38 (base 14) to base 2.
111001011110110110
What is 175b41 (base 12) in base 14?
a7477
Convert -7a9663 (base 13) to base 4.
-23011112321
-6053510 (base 9) to base 13
-88b630
What is -23017501 (base 8) in base 15?
-688227
Convert -700703 (base 8) to base 15.
-4816c
Convert 19c00b (base 13) to base 5.
131422332
What is 332887 (base 10) in base 14?
89459
What is 11001111100001101111010 (base 2) in base 16?
67c37a
-513fd (base 16) to base 14
-893d3
-1205514 (base 7) to base 3
-21210012100
What is -111de2 (base 16) in base 2?
-100010001110111100010
5cea2a (base 15) to base 9
8337554
19c33 (base 16) to base 5
11334043
-3676141 (base 8) to base 7
-11424560
Convert 3030132033 (base 5) to base 16.
5d104a
What is -463690 (base 10) in base 12?
-1a440a
-5582 (base 12) to base 2
-10010011110010
What is -1125421 (base 10) in base 13?
-30533b
-2176343 (base 10) to base 7
-24333011
Convert 22314131 (base 5) to base 9.
331585
-2002042012 (base 5) to base 10
-3940257
What is 1021110111202 (base 3) in base 8?
2454705
Convert -925d1 (base 15) to base 9.
-776057
-420410 (base 5) to base 13
-63ca
2033242 (base 6) to base 16
17e9a
Convert 4521041 (base 6) to base 9.
377187
-77907 (base 10) to base 4
-103001103
Convert -3360481 (base 10) to base 2.
-1100110100011011100001
10aa76 (base 16) to base 3
2001111020101
What is 3847a (base 11) in base 13?
1c139
What is a52b0a (base 16) in base 6?
1024001122
-132555 (base 7) to base 13
-b4a8
Convert 1ba214 (base 16) to base 3.
10102000011202
What is 387573 (base 11) in base 3?
1011000011002
What is 58615b (base 14) in base 10?
3013189
20120112211 (base 3) to base 7
1046233
Convert -15a0c (base 15) to base 8.
-210202
Convert 1262330 (base 7) to base 11.
104125
What is -427ac (base 14) in base 16?
-273a4
Convert -54249 (base 12) to base 11.
-76392
1011000111001111100000 (base 2) to base 4
23013033200
What is 3032212030 (base 4) in base 12?
349864
What is 38242 (base 15) in base 16?
2bcbb
Convert 10302230131 (base 4) to base 2.
100110010101100011101
What is 41452336 (base 7) in base 15?
48e994
-a5620 (base 15) to base 10
-524505
43357a (base 11) to base 3
1022012100201
What is -b1ced (base 16) in base 3?
-1101000001010
What is 106610103 (base 7) in base 4?
121010332212
Convert 111210210 (base 3) to base 16.
2751
23001332 (base 4) to base 14
12674
-26c90b (base 16) to base 11
-148679a
214414203 (base 5) to base 3
1202112100010
210020221122220 (base 3) to base 12
39497a3
Convert -1213104 (base 6) to base 5.
-4023232
-110011101011011001 (base 2) to base 4
-303223121
-1001011110010001 (base 2) to base 5
-2220201
Convert 2122131 (base 8) to base 4.
2022101121
-26aa67 (base 12) to base 11
-3a8558
45610212 (base 7) to base 4
33031011213
Convert -243041244 (base 5) to base 11.
-710aa6
What is -51a1 (base 16) in base 2?
-101000110100001
What is -3ebcce (base 15) in base 9?
-5623105
What is 19cac2 (base 13) in base 15?
ce804
-3b408 (base 15) to base 13
-68594
Convert 184411 (base 10) to base 4.
231001123
Convert -115ba70 (base 12) to base 4.
-30310010310
10000200022 (base 3) to base 11
40810
630179 (base 13) to base 14
443290
9443 (base 11) to base 4
3003132
Convert 32132212 (base 4) to base 5.
3344202
What is 84834 (base 10) in base 7?
502221
110010101011100110001 (base 2) to base 10
1660721
1313243 (base 5) to base 14
9705
Convert 4410024 (base 5) to base 10.
75639
-22ed6 (base 15) to base 14
-2c819
Convert 9296b (base 14) to base 7.
3000264
What is -311204233 (base 5) in base 13?
-357233
What is 140297 (base 10) in base 3?
21010110012
Convert -1517527 (base 9) to base 10.
-838780
501a3 (base 15) to base 16
3de3f
1660852 (base 10) to base 3
10010101021001
-1235040 (base 6) to base 8
-203200
31087 (base 9) to base 14
7679
-255239 (base 13) to base 15
-12aa92
Convert -30348b (base 16) to base 6.
-151413455
What is -66495 (base 15) in base 16?
-4f5b0
100001000001101000 (base 2) to base 12
66348
Convert -20012221112 (base 3) to base 2.
-11101111001000000
Convert -10030140 (base 5) to base 8.
-234255
-9400989 (base 10) to base 13
-1c42020
What is 3103021 (base 6) in base 15?
2de8a
Convert -27144362 (base 8) to base 2.
-10111001100100011110010
-6107c1 (base 13) to base 7
-25122045
Convert -6400351 (base 7) to base 5.
-144221210
Convert -300120212 (base 4) to base 14.
-5231c
293586 (base 12) to base 7
5603343
-8806b (base 12) to base 10
-179795
What is 2257345 (base 8) in base 14?
11db37
Convert -bd55f (base 16) to base 11.
-48a728
What is -330c61 (base 13) in base 11?
-750917
-28729 (base 12) to base 6
-1112453
Convert 203132020320 (base 4) to base 12.
31450a0
What is 10201112223 (base 4) in base 14?
22bccb
Convert 2828 (base 12) to base 6.
33252
Convert -970715 (base 11) to base 4.
-11323012221
6509516 (base 10) to base 13
146bbb0
11111100010001010010 (base 2) to base 15
156268
1000a35 (base 11) to base 4
12300310021
-12132200311 (base 4) to base 5
-413312340
Convert 1659d (base 16) to base 9.
148521
Convert -2a539 (base 15) to base 9.
-226720
104113420 (base 5) to base 4
1233222100
Convert c153 (base 14) to base 4.
20012231
Convert 4414242 (base 5) to base 11.
52280
-11100 (base 10) to base 7
-44235
-20441414 (base 7) to base 12
-6b1b58
What is -5ea4c (base 16) in base 10?
-387660
Convert 4ec18 (base 16) to base 2.
1001110110000011000
What is -1111010001010011010000 (base 2) in base 10?
-4003024
Convert -6544163 (base 9) to base 16.
-359b65
Convert 120120022221 (base 3) to base 7.
2414233
-22e (base 15) to base 8
-756
66a28 (base 13) to base 16
2d7a0
What is 1001010010010110001 (base 2) in base 16?
4a4b1
What is -74c2a (base 16) in base 14?
-c640a
Convert -5504147 (base 8) to base 7.
-15360165
-29d86 (base 15) to base 12
-65b30
What is 7a17433 (base 11) in base 6?
1220501031
Convert -11040202 (base 5) to base 4.
-113200232
35998 (base 13) to base 5
11121224
Convert 521990 (base 12) to base 10.
1288764
Convert -120551424 (base 6) to base 14.
-436b44
1323004110 (base 5) to base 11
1973960
-1696 (base 16) to base 8
-13226
42045165 (base 7) to base 9
6586156
What is -484500 (base 9) in base 5?
-33321010
What is 20222022200 (base 3) in base 8?
414106
Convert 101020110011 (base 3) to base 11.
128461
5133520 (base 6) to base 12
ba2a0
bbb4c (base 14) to base 12
19b374
What is -64681a (base 12) in base 5?
-401244403
What is 24120400 (base 5) in base 10?
223225
-11321202103 (base 4) to base 7
-16100263
What is -422201 (base 6) in base 14?
-c66d
6644562 (base 7) to base 14
17416